e -2*a = -a, v - 3*a = 0. Suppose v = -4*x - 8. Let z be 121/2*x/(-1). Calculate the highest common factor of z and 11.
11
Let k = 49 - 25. Let j = 42 - k. Let g = -23 + 50. What is the highest common divisor of g and j?
9
Let n be 0/(12/(-4)) - -2. Let d be (-288)/(-56)*21/n. Let l(g) = -g**3 - g**2 + 2*g + 135. Let y be l(0). What is the greatest common factor of d and y?
27
Let m = 414 + -383. Calculate the highest common factor of m and 1023.
31
Let w(b) = b**2 - 13*b + 7. Suppose 0 = -5*r + 2*r + 36. Let x be w(r). Let p be (4 - (x - -2))*2. Calculate the greatest common divisor of p and 28.
14
Suppose 0 = 2*l - 6*s + 2*s - 28, 0 = -4*l + 3*s + 81. Let t = -2 - -122. Calculate the highest common divisor of l and t.
24
Suppose 8*h - 6778 = 190. Calculate the greatest common factor of h and 13.
13
Suppose -3*i = 2*i - 110. Suppose b + b - i = 0. Suppose -77 = -30*y + 23*y. What is the highest common factor of y and b?
11
Suppose 3*d = 4*d - 15. Suppose 4*t - 68 = 2*x, 2*x = 34*t - 29*t - 83. What is the greatest common divisor of t and d?
15
Suppose -4*y = -r + 109, 528 = r + 4*r - 3*y. Let n = r + -51. Calculate the highest common divisor of n and 18.
18
Let a(p) = -p**3 + 4. Let q be a(-3). Let z = -13894 - -14235. What is the greatest common factor of z and q?
31
Let u(g) = -26*g - 79. Let q be u(-6). Suppose -2*r = -6*r + 40. Suppose 0*m = -4*a - 4*m + 8, 0 = -2*m - r. Calculate the highest common factor of q and a.
7
Suppose 5*p - 8 = 2, 3*v - 44 = -p. What is the greatest common divisor of v and 70?
14
Let i(h) = 23*h + 112. Let l be i(-4). What is the highest common factor of 15 and l?
5
Suppose -4 = -5*a + a, 3*a + 321 = 3*r. Let l = 36 - 34. Suppose 4 + 20 = l*k. What is the greatest common divisor of r and k?
12
Let v(t) = -2*t + t**2 - 3 + 6*t - 3*t + 2. Let u be v(-5). Calculate the greatest common divisor of 152 and u.
19
Let v(r) = 32 - 5*r - 19 - 18. Let z be v(-3). Calculate the highest common factor of 5 and z.
5
Let h(c) = -c + 18. Let b be h(14). Suppose 3*z - 18 = -4*q, 0 = b*z - 2*q - 0*q - 2. Suppose -z*f = -0 - 6. Calculate the highest common divisor of f and 27.
3
Let a = -163 + 183. Let v be ((-2)/(-5))/(2/140). Suppose -c + v = 3*z, -a = -2*z - 2*c - 0*c. What is the greatest common divisor of z and 27?
9
Suppose 0 = -2*a + 2*t + 42, 41 - 2 = 4*a + 5*t. What is the highest common factor of a and 48?
16
Let v be 609/6*18/9. Calculate the highest common factor of 58 and v.
29
Suppose -5*s = 3*m - 22, 0 = -m - 2*s + 9 - 3. Let v be (m/42)/(1/93). What is the greatest common factor of 310 and v?
31
Let k be (-2)/(-5) + (-1980)/(-50). Let j = k + -25. Calculate the highest common factor of 5 and j.
5
Suppose -2*a = -4*a + 2. Let t be (a - (-2 + 3)) + -2 - -23. What is the greatest common divisor of t and 3?
3
Suppose -4*p - n + 281 = 0, -4*p - 3*n = -7*n - 256. Calculate the greatest common factor of 1104 and p.
69
Let k be (-55 - -35)/((-3)/((-57)/(-2))). Suppose 20*l - l = k. Calculate the highest common divisor of 200 and l.
10
Suppose 1372 - 544 = 36*n. Calculate the greatest common divisor of n and 368.
23
Let o = 110 - 14. Suppose -5*m - 4 = i, 3*m - 3*i - 12 = 2*m. Suppose m = z + 4, 4*t + z - o = 4*z. Calculate the greatest common factor of t and 210.
21
Suppose -10*w = -74*w + 7168. What is the highest common factor of w and 16?
16
Let n(g) = -g**2 + 9*g + 6. Let t be n(8). Suppose -2*h + y - 127 = 0, 5*y = -2*h - 230 + 73. Let u = h + 108. What is the greatest common factor of u and t?
14
Let u be -2 - (-183 - -1 - 0). Suppose x = 5*x - u. Suppose 103*l - 72 = 99*l. Calculate the highest common divisor of x and l.
9
Suppose -3*m + 239 = v, -3*m - 18*v + 255 = -21*v. Suppose -2*x = 4*l - 0*l - 28, -2 = 2*l + 5*x. Calculate the greatest common divisor of m and l.
9
Let n(v) = 10*v**2 - 4*v - 4. Let u be n(2). Calculate the highest common divisor of u and 70.
14
Let k(j) = j**3 + 9*j**2 + j - 13. Suppose -9*y = -8*y + 7. Let t be k(y). Calculate the highest common factor of t and 6.
6
Let q(l) = -l**2 + 5*l - 3. Let h be q(2). Suppose -h*i = -5 - 7, 25 = 5*v - 5*i. What is the highest common divisor of v and 9?
9
Suppose -3*h = 791 + 1744. Suppose 16*r - 12*r + 12 = 0. Let o be (-2)/r + h/(-15). What is the greatest common divisor of o and 19?
19
Let x(w) = 2*w**3 - 2*w**2 + w - 3. Let t = 21 + -18. Let c be x(t). Calculate the greatest common factor of 9 and c.
9
Suppose 0 = -4*z + 7 + 5, 0 = -4*i - 5*z + 1395. What is the highest common divisor of 46 and i?
23
Let k = -66 - -71. Suppose k*z - 59 = -19. Calculate the greatest common divisor of z and 40.
8
Let u be 1/7 + 204/42. Suppose -234 - 91 = -u*r. What is the greatest common divisor of 26 and r?
13
Let g = -178 - -203. Calculate the greatest common divisor of 1 and g.
1
Let l be (-3)/9 - 64/6. Let b be 5 + -1 + (-12 - l). Suppose 2*j = -j - c + 127, -3*j + 147 = -b*c. Calculate the greatest common divisor of j and 11.
11
Let m be 8/16 + 249/(-2). Let t(g) = -14*g + 1. Let u be t(16). Let f = m - u. What is the greatest common factor of 9 and f?
9
Suppose -v = -2*v - 17. Suppose 28*t + 1576 = 20*t. Let i = v - t. Calculate the highest common factor of 20 and i.
20
Let w(s) = s**3 - 9*s**2 + 10*s. Let c be w(9). Let g be (4/5)/(2/c). What is the greatest common divisor of g and 9?
9
Let d be ((-21)/6)/(2/(-4)). Suppose 3*z - d*z + 192 = -3*q, -q - 48 = -z. Calculate the greatest common divisor of z and 6.
6
Suppose -3*j = -9, 0 = -3*g - 5*j - 17 + 2. Let z = g - -15. Let a be 2/6*(-11 - -14). What is the greatest common factor of a and z?
1
Let j = 1431 - 853. Suppose 1432 = -5*q - 4*s, -3*s = -2*q - 2*s - j. Let h be q/(-20) - (-6)/10. Calculate the highest common divisor of 75 and h.
15
Let r(p) = p**2 + 7*p - 11. Let f be r(-8). Let v = 7 + f. Suppose -5 - 19 = -v*y. What is the highest common factor of y and 54?
6
Let w = 26 + 17. Let z = w + -25. Let g(u) = -u**3 + 4*u**2 + 3*u - 3. Let y be g(4). What is the highest common factor of y and z?
9
Suppose h - 4*u = -0*h + 22, 4*h + 2*u = 34. Suppose -4*a + 6 + h = 0. Suppose -a*j = -9*j + 20. What is the highest common divisor of 8 and j?
4
Suppose -27*y - 34*y = -24827. What is the highest common divisor of 44 and y?
11
Let h be ((-35)/(-14))/(2/4). Suppose 2*n = h + 1. What is the highest common factor of 1 and n?
1
Let d be 2 + 13 + (-10 - (-48)/8). What is the highest common factor of 7 and d?
1
Suppose 40*h - 1639 = 1401. What is the greatest common factor of h and 646?
38
Let n be (96/10)/(1/5). Suppose -15*u = -16*u + 10. Let o = u + -4. Calculate the greatest common divisor of o and n.
6
Suppose -3*d + 3*o = -o + 8, d = 5*o + 1. Let g be -6*2/d + 234. Suppose -2*t = 3*a - 4*t - g, 3*t + 9 = 0. What is the highest common factor of 11 and a?
11
Suppose -3*c = 3*z - 63, -24 - 31 = -3*z + c. Calculate the highest common divisor of 38 and z.
19
Let x be ((-6)/(-12))/(2/76). Suppose 4*s + y = 42, -3*s - 4*y = -4*s + x. Calculate the greatest common divisor of s and 22.
11
Suppose -180 = -6*t + 2*t. Let i(k) = -k**2 - 48*k - 120. Let z be i(-45). What is the greatest common factor of t and z?
15
Let c be 15*(10/(-2) + 4). Let j(g) = g**3 + 16*g**2 + 15*g + 10. Let i be j(c). What is the greatest common divisor of i and 15?
5
Let h(l) = -5*l - 5. Let k be h(-7). Let b be 372/k - (-6)/10. Calculate the greatest common factor of 52 and b.
13
Let k = 72 + -32. Suppose 3*f = f - 3*s + 7, 0 = 2*f - s - 11. Calculate the greatest common factor of f and k.
5
Let j(h) = -8*h - 27. Let f be j(-9). Calculate the greatest common divisor of 315 and f.
45
Let r(f) = -7*f**3 + 1 - 2*f**2 - 43*f**3 - 62*f**3. Let y be r(-1). What is the greatest common factor of 37 and y?
37
Let f = 2096 + -2037. What is the highest common divisor of 59 and f?
59
Suppose -47*s + 37*s = -600. Calculate the greatest common divisor of 600 and s.
60
Let b(x) = x**2 + x - 11. Let o be b(0). Let d = 35 + o. Let q be (-2)/4*(1 + 1) - -61. What is the highest common divisor of q and d?
12
Suppose 0 = -3*q + 75 + 33. Calculate the highest common divisor of 12 and q.
12
Let p = -311 + 346. Calculate the greatest common divisor of p and 49.
7
Let n be (288/80)/((-2)/(-400)). What is the highest common factor of 32 and n?
16
Suppose -9 = 3*u + 